*g + 25, 5*g - 13 = -2*k. Calculate the remainder when 28 is divided by k + 2/(-2 + 4).
8
Suppose 3*h = -2*v + 6*v + 35, 36 = 3*h - 3*v. Suppose -4*c = -7 - 9. What is the remainder when h is divided by c?
1
Let p(q) = -q - 1. Let m(i) = i**3 + 11*i**2 + 9*i - 6. Calculate the remainder when p(-7) is divided by m(-10).
2
Suppose 3*v - 71 + 2 = 0. Calculate the remainder when v is divided by 9.
5
Suppose -w + 35 = 2*j - 0*j, -3*j + w = -40. What is the remainder when 54 is divided by j?
9
Suppose 63 = -74*y + 77*y. What is the remainder when y is divided by 8?
5
Let l(k) be the first derivative of 11*k**2 - 2*k + 5. Calculate the remainder when l(3) is divided by 22.
20
Let h(k) = -k**3 + 12*k**2 - 10*k - 5. Let t be h(11). Let c be (-90)/(-24)*64/t. What is the remainder when (-96)/c*10/(-3) is divided by 3?
2
Let z be 2/7 + 26/7. Suppose 0 = 2*b - z*b + 16. What is the remainder when 31 is divided by b?
7
Let s = 17 + -1. Suppose 14 = 2*d - 44. What is the remainder when d is divided by s?
13
Let v(n) = -n**2 + 8*n - 6. Let s(u) = -u - 7. Let w be s(-6). Let p(q) = 26*q**2 + q + 1. Calculate the remainder when p(w) is divided by v(5).
8
Calculate the remainder when 65 is divided by (-14)/(-21) - 1 - (-67)/3.
21
Suppose 4*o - 145 = -33. Let l = 39 - 26. Let j = 28 - l. Calculate the remainder when o is divided by j.
13
Suppose -104 = -12*p + 64. What is the remainder when 55 is divided by p?
13
Let t(b) = -5*b + 14. Let i(q) = 4*q - 13. Let v(r) = -4*i(r) - 3*t(r). Calculate the remainder when v(-11) is divided by 12.
9
Let t be ((-66)/(-4))/(12/16). Let p be (-1 + 1)*(-1)/2. Suppose p = 5*w - 18 - t. Calculate the remainder when 15 is divided by w.
7
What is the remainder when 64/((35/10)/7) is divided by 26?
24
Suppose 9*h = -0*h + 180. What is the remainder when 69 is divided by h?
9
Let m(h) be the first derivative of -h**4/4 - 11*h**3/3 + 11*h**2/2 - 6*h + 5. Calculate the remainder when m(-12) is divided by 3.
0
Let g = -3 - -45. Let p = g + -23. What is the remainder when p is divided by -1*(-3 - (0 + 2))?
4
Suppose -4*l + 6 + 31 = -3*s, 2*s - 15 = -3*l. Suppose 0 = -v + l + 8. What is the remainder when 44 is divided by v?
14
Suppose -10 = -5*u + 4*u. What is the remainder when 37 is divided by u?
7
Let p(h) be the first derivative of -h**4/4 + 2*h**3 + 3*h**2/2 - 7*h - 1. Let v be p(5). Suppose -v + 5 = -4*k. What is the remainder when 13 is divided by k?
6
Suppose 0 = a - 5*a. Let c(u) = -u + 17. Calculate the remainder when 50 is divided by c(a).
16
Suppose 5*g + 0*g = 5*c + 30, 3*c + 5*g = 22. Let h = 9 + -8. What is the remainder when c + 0 - 3/(-1) is divided by h?
0
Let j(f) be the first derivative of 17*f**3/3 + f - 2. Let q be j(-1). Suppose -4*r = -16, 2*d - q = d + 2*r. What is the remainder when d is divided by 14?
12
Suppose -117 = -5*t + 8. Suppose -7 = -4*x + t. What is the remainder when 2 is divided by ((-2)/4)/((-4)/x)?
0
Let b(f) = f**3 - 5*f**2 + f + 12. Calculate the remainder when 32 is divided by b(5).
15
Let o(j) = -9*j - 3. Let c be o(-6). Suppose c = 3*y - 0*y. What is the remainder when 80/6*(-24)/(-10) is divided by y?
15
Let x be ((-3)/(-9))/(1/(-57)). Let t = 25 + x. Calculate the remainder when 14 is divided by t.
2
Let j = 8 - -6. Let z be 0 + 30 + -2 + -2. Let f = -18 + z. Calculate the remainder when j is divided by f.
6
Suppose 0 = -4*u + 4*v - 16, v - 23 = 5*u - v. Suppose -2*f - 10 = 0, 2*j + 2*f = 5*f + 27. What is the remainder when u/((-5)/2) - -15 is divided by j?
5
Let s(c) = c**3 - 5*c**2 + c + 1. Let z be s(5). Suppose 2*w - z - 6 = 0. Let a = w + -3. What is the remainder when 4 is divided by a?
1
Let c(l) = l**3 + 7*l**2 - 9*l - 5. Let b = 8 - 3. What is the remainder when b is divided by c(-8)?
2
What is the remainder when 47 is divided by (-2)/(17/(-8) + 2)?
15
Suppose -p - c = -63, -4*c + 5*c + 57 = p. Let f = -8 - -10. Suppose 5*k - p - 47 = -f*j, 3*j - 168 = -5*k. What is the remainder when j is divided by 21?
19
Let h(n) = -n**2 - 10*n - 10. Calculate the remainder when 27 is divided by h(-6).
13
Suppose 5*q = t - 15, -33 = 5*t - q + 3*q. Let u(v) = -2*v - 12. What is the remainder when u(-9) is divided by (-5)/(t/2) + 2?
2
Suppose 5*s - 328 = -4*m, s + 2*m - 6 - 62 = 0. Suppose 7*t - 15 = 2*t. Calculate the remainder when s is divided by (t/(-2))/((-3)/44).
20
Let s = 19 + -10. What is the remainder when 21 is divided by s?
3
Let g = -35 - -40. Calculate the remainder when 9 is divided by g.
4
Let v = 21 - 13. Suppose 3*g = 4*g - 1. Calculate the remainder when v/(-10)*(-15)/6 is divided by g.
0
Let v = -12 + 23. Calculate the remainder when v is divided by 2.
1
Let t(o) = o**3 - 13*o**2 + o - 14. Let a(w) = w**3 - 14*w**2 + w - 15. Let l(y) = 2*a(y) - 3*t(y). Calculate the remainder when 3 is divided by l(11).
0
Let j(k) = -k - 13. Let x be j(-10). Let n(y) = -2*y - 4. Suppose -1 = -r - 0. What is the remainder when n(x) is divided by r?
0
Let s = 102 - 182. Calculate the remainder when 11 is divided by (6/5)/((-24)/s).
3
Calculate the remainder when (-7 + 88)*3/3 is divided by 42.
39
Suppose 11*r = 6*r + 15. Let p be 0 + 3 + 1 + -2. What is the remainder when 29 - (p + -1 - r) is divided by 11?
9
Suppose 2*s = 5*n - 315, -2*n - 315 = -7*n - 5*s. What is the remainder when n is divided by 22?
19
Suppose 0*s + 3*s = -2*t + 36, t = 4*s - 37. Suppose c - 2*c = -s. Calculate the remainder when c is divided by 6.
4
Let d = 219 + -44. What is the remainder when d/7 + 2/(-1) is divided by 8?
7
Suppose 5*r + 11 = x, -2*x + 5*r - 37 = -4*x. Suppose -7*s = -2*s - 30. Calculate the remainder when x is divided by s.
4
Let l(a) = -a**3 + 5*a**2 + a - 2. Let x be l(5). Let q = -403 + 568. What is the remainder when 20 is divided by (1/x)/(5/q)?
9
Let g(t) = -3*t - 1. Let l(j) = j + 7. Calculate the remainder when g(-13) is divided by l(3).
8
Let d(j) = -j**3 - 4*j**2 + j + 4. Let c be d(-4). Suppose c = -2*k - 2*k - 308. Calculate the remainder when k/(-3) - 2/3 is divided by 14.
11
Suppose k + 9*n - 33 = 4*n, -3*k - 3*n + 63 = 0. Calculate the remainder when k is divided by 7.
4
Calculate the remainder when 39 is divided by (4 + 18/(-4))*-46.
16
Suppose -120 = -5*w - 5*x, 2*w = w + x + 22. Let u = -10 + w. What is the remainder when (-9)/(-6)*(-92)/(-6) is divided by u?
10
Suppose -s = -6*s + 80. What is the remainder when 63 is divided by s?
15
Let f(s) = -s**2 + 11*s + 11. Suppose 11*c = 8*c + 252. What is the remainder when c is divided by f(9)?
26
What is the remainder when 462/119 - 6/(-51) is divided by 3?
1
What is the remainder when (0 - -22) + (-8)/8 - 2 is divided by (-6)/9 + (-23)/(-3)?
5
Let i be (-20)/(-6)*(-6)/(-4). Suppose -i*n + m + 18 = 5, 0 = -2*n + 5*m - 4. What is the remainder when n is divided by 3?
0
Let p be 8/(-6) + (-390)/(-9). Calculate the remainder when 558/p - 4/14 is divided by (0 - -2)/(4/10).
3
Let y = 1 - -11. Let u(l) = 5*l**2 + 0*l + l + l - 8 + 7*l**2 - l**3. Calculate the remainder when u(y) is divided by 9.
7
Suppose -2*x - 8 = -4*r - 110, 220 = 5*x - 3*r. Calculate the remainder when x is divided by 22.
19
What is the remainder when 27 is divided by 8 + 2/(6/(-3))?
6
Suppose -3*m + 52 = -29. Calculate the remainder when -2 + (-160)/((-6)/3) is divided by m.
24
Suppose -2*i + 5*n + 191 = 0, -3*i + 280 = -0*i - n. Calculate the remainder when i is divided by 12.
9
Suppose 5*c + d = 50, 5*c + 20 = -4*d + 85. What is the remainder when 0 + 23 + 2 + -1 is divided by c?
6
Suppose -y - 19 = -t, 2*t + t + 5*y - 25 = 0. Let g = 12 - 4. What is the remainder when t is divided by g?
7
Let b = -1 + -7. Calculate the remainder when (b/6)/((-2)/48) is divided by -1 - (-1)/(3/36).
10
Let p(d) = -7*d**2 - 4*d + 2. Let l(i) = i**2 + 4*i**2 + 4*i - 2 + 3*i**2. Let m(r) = 6*l(r) + 7*p(r). What is the remainder when m(-3) is divided by 2?
1
Let h = -18 - -29. Let a = h - 8. Let w = -2 + 6. What is the remainder when w is divided by a?
1
Let b = 72 - 47. What is the remainder when b is divided by 9?
7
Let a(u) = u**3 + 6*u**2 - 8*u + 9. Calculate the remainder when (3*(15 - 0))/1 is divided by a(-7).
13
Calculate the remainder when 18 is divided by (-1)/(-3)*4*(3 + 3).
2
Calculate the remainder when 31 is divided by (-4)/12 - (-25)/3.
7
Let v(s) = -6 + 3*s - 3*s + 3*s. Ca